71?
3, 2753719
List the prime factors of 2938466793.
3, 19, 157, 328357
List the prime factors of 877477246.
2, 438738623
What are the prime factors of 903502587?
3, 13, 17, 181, 7529
What are the prime factors of 951595878?
2, 3, 158599313
List the prime factors of 5117766151.
5117766151
List the prime factors of 314200886.
2, 397, 395719
List the prime factors of 52888688.
2, 37, 41, 2179
What are the prime factors of 88331944?
2, 11041493
What are the prime factors of 17503385?
5, 29, 120713
What are the prime factors of 479347105?
5, 19, 53, 95203
What are the prime factors of 50395002?
2, 3, 7, 193, 6217
List the prime factors of 289716584.
2, 17, 2130269
List the prime factors of 379124515.
5, 7, 11, 140677
What are the prime factors of 2087534452?
2, 521883613
List the prime factors of 1933289945.
5, 109, 3547321
What are the prime factors of 497830329?
3, 17, 223, 14591
What are the prime factors of 2499208?
2, 312401
List the prime factors of 469741645.
5, 157, 179, 3343
What are the prime factors of 14565583?
17, 856799
List the prime factors of 821940048.
2, 3, 199, 3187
What are the prime factors of 135259138?
2, 7, 19, 31, 47, 349
What are the prime factors of 1448218515?
3, 5, 96547901
List the prime factors of 3049284897.
3, 61, 79, 167, 421
List the prime factors of 60499844.
2, 23, 657607
List the prime factors of 861081115.
5, 172216223
List the prime factors of 231144652.
2, 19, 3041377
What are the prime factors of 4638635207?
53, 1439, 60821
What are the prime factors of 755775359?
755775359
List the prime factors of 2792525437.
13, 19, 11305771
What are the prime factors of 592692388?
2, 148173097
What are the prime factors of 196328844?
2, 3, 5453579
What are the prime factors of 4099921313?
29, 109, 953, 1361
What are the prime factors of 66183730?
2, 5, 1423, 4651
What are the prime factors of 1975688927?
59, 277, 120889
List the prime factors of 184120141.
184120141
What are the prime factors of 10986697?
311, 35327
What are the prime factors of 64908950?
2, 5, 709, 1831
What are the prime factors of 28274506?
2, 13, 73, 14897
What are the prime factors of 6065307?
3, 23, 9767
What are the prime factors of 1345577810?
2, 5, 191, 433, 1627
What are the prime factors of 33269769?
3, 13, 284357
What are the prime factors of 233716181?
569, 410749
What are the prime factors of 1581633228?
2, 3, 7, 37, 281, 1811
What are the prime factors of 2240791065?
3, 5, 49795357
List the prime factors of 62785854.
2, 3, 43063
List the prime factors of 18117549.
3, 61, 541
List the prime factors of 976330487.
11, 8068847
What are the prime factors of 4807135509?
3, 11, 17, 8568869
List the prime factors of 1191193299.
3, 23, 29, 61, 3253
What are the prime factors of 1853462246?
2, 926731123
List the prime factors of 2584275806.
2, 7, 5333, 34613
What are the prime factors of 1183006419?
3, 7, 56333639
What are the prime factors of 1544774005?
5, 19, 83, 195913
What are the prime factors of 63105201?
3, 677, 10357
List the prime factors of 290114524.
2, 7, 41, 252713
List the prime factors of 56784254.
2, 28392127
What are the prime factors of 3224385?
3, 5, 79, 907
List the prime factors of 17506324.
2, 11, 53, 7507
What are the prime factors of 188275491?
3, 20919499
List the prime factors of 4566454.
2, 2283227
List the prime factors of 233836728.
2, 3, 9743197
List the prime factors of 46933637.
46933637
What are the prime factors of 100216030?
2, 5, 1301, 7703
List the prime factors of 395199230.
2, 5, 39519923
What are the prime factors of 1061642?
2, 557, 953
What are the prime factors of 172779325?
5, 1223, 5651
List the prime factors of 63101462.
2, 31550731
List the prime factors of 1386271417.
431, 3216407
List the prime factors of 74123089.
23, 47, 191, 359
What are the prime factors of 945155175?
3, 5, 131, 96199
What are the prime factors of 619875373?
13, 251, 271, 701
What are the prime factors of 291587858?
2, 191, 383, 1993
List the prime factors of 275477783.
7, 39353969
List the prime factors of 7829164.
2, 7, 279613
List the prime factors of 1675899111.
3, 20477, 27281
List the prime factors of 234284114.
2, 117142057
What are the prime factors of 470128108?
2, 117532027
What are the prime factors of 3617058415?
5, 367, 1971149
List the prime factors of 10643536.
2, 665221
What are the prime factors of 370798904?
2, 7, 37, 67, 2671
List the prime factors of 95138246.
2, 7, 47, 191, 757
What are the prime factors of 24588253?
1063, 23131
What are the prime factors of 3022851339?
3, 79, 1417183
What are the prime factors of 1050465235?
5, 71, 853, 3469
List the prime factors of 1746837714.
2, 3, 457, 637067
List the prime factors of 1983732327.
3, 29, 461, 16487
List the prime factors of 241446838.
2, 120723419
What are the prime factors of 464553922?
2, 7, 47, 706009
List the prime factors of 403761312.
2, 3, 1401949
List the prime factors of 124047167.
124047167
What are the prime factors of 408060516?
2, 3, 773, 43991
What are the prime factors of 1859220189?
3, 29, 2374483
List the prime factors of 295281308.
2, 7, 2203, 4787
List the prime factors of 31734166.
2, 15867083
What are the prime factors of 599010929?
11, 17, 19, 53, 3181
List the prime factors of 4586777633.
17, 6337, 42577
List the prime factors of 5636420687.
23, 245061769
List the prime factors of 765828217.
7, 11, 23, 41, 53, 199
List the prime factors of 5506777801.
7, 967, 813529
What are the prime factors of 876571589?
9349, 93761
What are the prime factors of 64804937?
29, 251, 307
What are the prime factors of 87933923?
7, 11, 1141999
List the prime factors of 1342756477.
151, 8892427
List the prime factors of 102711574.
2, 7, 1873, 3917
What are the prime factors of 93671509?
239, 337, 1163
List the prime factors of 81305386.
2, 29, 1401817
What are the prime factors of 166811130?
2, 3, 5, 617819
List the prime factors of 280655069.
29, 9677761
List the prime factors of 2253671772.
2, 3, 11, 251, 271
List the prime factors of 33176862.
2, 3, 1843159
List the prime factors of 584766955.
5, 67, 83, 21031
List the prime factors of 1416587758.
2, 59, 12004981
List the prime factors of 52388836.
2, 13097209
What are the prime factors of 55351893?
3, 18450631
List the prime factors of 2388746695.
5, 31, 15411269
What are the prime factors of 1425627013?
10937, 130349
List the prime factors of 4679458233.
3, 17, 5397299
List the prime factors of 55513464.
2, 3, 2313061
What are the prime factors of 2494891134?
2, 3, 17, 197, 41387
List the prime factors of 37904978.
2, 18952489
List the prime factors of 266846239.
11, 193, 125693
What are the prime factors of 4019769335?
5, 8863, 90709
List the prime factors of 131930976.
2, 3, 29, 47389
List the prime factors of 432048812.
2, 13, 17, 488743
List the prime factors of 231670292.
2, 7, 947, 8737
List the prime factors of 1328668778.
2, 617, 1076717
List the prime factors of 866647841.
3301, 262541
What are the prime factors of 12990642?
2, 3, 7, 19, 73, 223
What are the prime factors of 154365053?
3917, 39409
List the prime factors of 55354026.
2, 3, 7, 13, 2069
List the prime factors of 299614524.
2, 3, 11, 2269807
List the prime factors of 1762518055.
5, 151, 349, 6689
What are the prime factors of 1703927284?
2, 47, 9063443
What are the prime factors of 1326378047?
1326378047
List the prime factors of 91800353.
41, 47, 47639
What are the prime factors of 43254646?
2, 43, 502961
What are the prime factors of 1389181638?
2, 3, 13, 1609, 11069
What are the prime factors of 1560528662?
2, 7, 11, 10133303
What are the prime factors of 46353537?
3, 1187, 4339
List the prime factors of 2362192649.
71, 33270319
What are the prime factors of 64554353?
23, 2806711
What are the prime factors of 856007877?
3, 29, 9839171
List the prime factors of 33036312.
2, 3, 1376513
What are the prime factors of 933144862?
2, 13, 47, 763621
What are the prime factors of 382837903?
7, 29, 307, 6143
List the prime factors of 4310957755.
5, 13, 66322427
List the prime factors of 2868114056.
2, 12487, 28711
What are the prime factors of 757204915?
5, 31, 1049, 4657
List the prime factors of 4557400.
2, 5, 22787
What are the prime factors of 1374184827?
3, 5639, 27077
List the prime factors of 25762043.
19, 71363
List t